t i be c(-4). Let r(w) = 2*w**2 - w + 3. Let d be r(-3). Calculate the highest common factor of d and i.
24
Let v be (-28*3)/(30/(-40)). Let g be v - 13/(39/(-24)). What is the greatest common factor of 140 and g?
20
Let p be 24/(-10)*-2*945/108. Let l be 2 + (-84)/(1*-3). Calculate the greatest common divisor of p and l.
6
Let b be 6/44*(-26912)/(-87) - 2/11. Calculate the highest common divisor of 13251 and b.
21
Let m(y) = -2*y**3 - 25*y**2 - 196*y - 48. Let a be m(-7). What is the greatest common factor of a and 2041?
157
Suppose -1098 = 15*m - 33*m. Calculate the greatest common factor of m and 7381.
61
Let b(u) be the third derivative of -u**5/30 - 37*u**4/24 - 5*u**3 - 92*u**2. Let y be b(-17). What is the greatest common factor of 588 and y?
21
Suppose 0 = -40*g + 44*g - 64. Let m(a) = 2*a**3 + 17*a**2 + a - 4. Let i be m(-7). What is the highest common factor of g and i?
8
Suppose 159 = 3*m - 10*k + 5*k, -265 = -5*m + 4*k. Let i = m + 211. Calculate the highest common divisor of 88 and i.
88
Let f(w) = 9*w - 146. Let x be f(-23). Let g = x - -383. Calculate the greatest common factor of g and 3.
3
Suppose -21*d = -28*d + 315. What is the greatest common factor of 30 and d?
15
Suppose -150 - 174 = -156*m + 144. Suppose 25 = 2*o - 3*b, -2*o + b + 2 + 13 = 0. Suppose o + 7 = k. Calculate the highest common factor of k and m.
3
Let f = 177 + -97. Suppose z = -p + 125, -p - 145 = -2*p - 5*z. What is the highest common factor of p and f?
40
Suppose -280*r = -5*y - 282*r + 1116, -5*y + r + 1122 = 0. Calculate the greatest common factor of y and 49.
7
Suppose -2 + 12 = 5*x - 3*a, -4*a = -x + 2. Let q be (-3)/x + 809*(-5)/10. Let o = q - -595. Calculate the highest common divisor of 21 and o.
21
Let y(w) = -w**3 + 3*w**2 + 19*w - 7. Let b be y(6). Let h(z) = -7*z - 24. Let l be h(7). Let n = b - l. What is the greatest common divisor of 18 and n?
18
Let a = 6 - 2. Suppose 2*z = 3*q - z - 237, 5*q - 396 = a*z. Calculate the highest common factor of q and 5.
5
Let g be (-618)/(-17) - 184/39100*75. Let b(f) = -18*f. Let w be b(-5). Calculate the greatest common divisor of g and w.
18
Suppose -j + 255 = -6*j. Let l(q) = -q**3 + 4*q**2 - 5*q + 5. Let w be l(5). Let x = w - j. Calculate the highest common divisor of x and 66.
6
Let n(a) = -a**3 + 3*a**2 + 24*a + 5537. Let c be n(0). What is the highest common factor of 49 and c?
49
Let w = -2232 + 2262. Calculate the highest common factor of w and 2560.
10
Let j = 177 + -157. Suppose 4*y = -2*u + 149 - 25, 5*y + 230 = 3*u. What is the greatest common factor of j and u?
10
Let h = 24 - 6. Let x be (132/42)/(1 - h/21). Calculate the greatest common divisor of 22 and x.
22
Let p be (-9)/54 + 50/12. Suppose -p*l = 4*z - 1426 - 1026, -5*z + 3050 = 2*l. What is the highest common divisor of z and 32?
32
Let y be (-6)/(-36) - (-2)/(60/8335). Suppose 4*b + 5*w - y = 0, 4*w - 134 = -2*b - w. Calculate the greatest common factor of 120 and b.
24
Let f(j) = 16*j**3 + 98*j**2 - 2*j - 48. Let s be f(-6). Calculate the greatest common divisor of 1878 and s.
6
Let g(j) = 3*j**2 + j + 24. Let y be g(-7). Suppose -552 = 161*b - y*b. Calculate the greatest common divisor of 8 and b.
8
Let x be ((-204524)/38)/(-2) + (-36)/342. What is the greatest common factor of x and 234?
117
Suppose -5*t = 5*s - 10, -t + 5*t + 7 = s. Let b(o) = 1 - 3 + 5 - s*o + 15. Let u be b(4). What is the highest common factor of u and 48?
6
Let h = -150 - 98. Let z = h + 356. Suppose -2*r + 4*l + 40 = 0, 147 - 669 = -22*r + 3*l. Calculate the highest common divisor of z and r.
12
Let j = 929 + -926. Suppose 9*z = 13*z. Let g = 15 + z. Calculate the highest common factor of j and g.
3
Let n = -12710 - -13558. Calculate the highest common divisor of 1802 and n.
106
Let c be 1/(3*1/6). Suppose -3*b + c*b + 56 = 0. Let f(q) = 2*q - 4. Let y be f(6). Calculate the greatest common factor of b and y.
8
Suppose -2*k - 28 + 68 = 0. Let g = -1728 - -1908. Calculate the greatest common divisor of k and g.
20
Let g be (8/(-10))/((-3)/930). Let y be 1 + -1 + 7 + (35 - 40). Suppose 2*m - y*r - 604 = -3*m, -2*m + g = -4*r. What is the greatest common factor of 12 and m?
12
Let j be 299/((-5)/(-2) - 2). Suppose -612 = -1340*r + 1315*r + 38. What is the highest common divisor of r and j?
26
Suppose -7*c + 771 + 443 = 3*a, -12 = 2*a. Calculate the greatest common factor of c and 7568.
176
Let o = 9 + -6. Suppose -o*d - 2*q + 14 = 5, 0 = 5*q. What is the highest common divisor of 7 and d?
1
Let f be (-336)/(-10) - 2*8/(-40). Let s = -8 + 20. Let l(p) = p**2 - 10*p + 10. Let b be l(s). Calculate the highest common factor of b and f.
34
Let x = 802 - 1476. Let l be 8/(-16)*(2 + x). What is the highest common divisor of l and 42?
42
Let h(g) = g**2 - 10*g - 6. Let o be h(11). Suppose o*v - 2*i + 345 = 3*i, -12 = -4*i. Let l = -38 - v. What is the greatest common divisor of l and 112?
28
Let o = 95 - -33. Let j = -4209 - -4529. What is the greatest common factor of j and o?
64
Suppose 0 = 8*y - 0*y - 448. Let n be (-2)/(-5) - -2*(-23)/(-10). Let o = 19 - n. What is the highest common divisor of y and o?
14
Let k be (5/4)/(3/(-144)*-3). Let f = 15 + 27. Let u = f + 38. Calculate the greatest common divisor of u and k.
20
Suppose 5*a - 541 = -2*h + 58, -4*a + 12*h = -452. What is the greatest common factor of a and 221?
17
Let k(j) = -j**3 - 73*j**2 + 150*j + 136. Let h be k(-75). Calculate the greatest common factor of 221 and h.
17
Let z(m) = 2578*m + 766. Let t be z(1). What is the greatest common divisor of t and 38?
38
Let v be (58/(-1))/((-130)/60 - -2). Suppose 79*l - 91*l + v = 0. Calculate the highest common factor of 783 and l.
29
Let c be (-1*679/21)/((-10)/30). Calculate the greatest common factor of 3492 and c.
97
Let g be (2 - (-18 - -35)) + 222. What is the highest common factor of g and 161?
23
Suppose 2*b - 5*r - 273 = 86, -5*b + 950 = -2*r. Suppose 2*m = -2*m. Suppose m = -t + 5*t - 192. What is the highest common divisor of t and b?
48
Let h(v) = v**3 - 4*v**2 + 6*v + 150. Let p be h(6). What is the greatest common divisor of p and 2881?
43
Let m = 37 + -13. Let y(n) = 17*n**2 + 85*n + 2. Let z be y(-5). Suppose -z*f - 21 = -11, -5*s + 25 = f. Calculate the highest common divisor of s and m.
6
Let z(a) = -8*a**2 + 6*a + 8. Let w be z(-1). Let p be (4/w - -1)/((-8)/(-600)). What is the highest common divisor of p and 275?
25
Suppose -182*z + 184*z - 914 = 0. Suppose 5*c = 533 + z. Calculate the highest common divisor of 54 and c.
18
Let b be (-28 + (-385)/(-15))/(2/((-36)/3)). Calculate the highest common factor of b and 2350.
2
Suppose 8*j + 4*j = 8484. Let a = j - 146. What is the greatest common factor of 51 and a?
51
Let r = -4411 + 5383. What is the greatest common divisor of r and 1?
1
Suppose 501*q - 500*q - 969 = 0. Calculate the highest common divisor of 57 and q.
57
Let b = 10 + 0. Let k be 20/70 - (-12)/7. Suppose 3*o - 10 = 5*i, -5*o + 21 = -6*i + k*i. What is the greatest common divisor of b and o?
5
Let w = 6 - 4. Let d(o) = -o**2 + 74*o + 13. Let v be d(0). Suppose -4*r + 46 = w*t, -r + t - v = -2*r. What is the greatest common factor of r and 10?
10
Let z(s) = s**2 + 6*s + 14. Let y = 116 + -122. Let u be z(y). Suppose 0 = -v - r + 219, -4*v - r + 812 = -79. What is the greatest common divisor of v and u?
14
Suppose -122 = -2*j - 110. Suppose -j*n + 17*n - 352 = 0. Calculate the greatest common factor of 72 and n.
8
Suppose -5*c = 4*l + 202, -8*l + 11*l + 3*c + 150 = 0. Let j be l/8 + (4 - -22). Calculate the greatest common divisor of j and 10.
10
Let v(p) = 4*p - 7. Let d be (1 - 7) + 3 + (-2 - -3). Let c be (-8)/2 + (-40)/d. Let l be v(c). Calculate the highest common factor of 38 and l.
19
Suppose -3*x + 88 = 5*x. Suppose -5*n = 15, 6*f - x*f + 2*n = -1031. What is the greatest common factor of 82 and f?
41
Let p = 411 - 178. Let i be (2 + p + 3)/(3/6). What is the greatest common factor of i and 68?
68
Let b be (348/((-12)/2))/(8/(-12)). Calculate the greatest common divisor of b and 5568.
87
Let b be ((-1)/2)/((-75)/4350). What is the highest common factor of b and 3712?
29
Let a be (-80)/24*(-6)/5. Suppose a*u = 2*u + 16. Let i be (24/18 - 1)*4*(-9)/(-12). Calculate the highest common divisor of i and u.
1
Suppose 24*f - 